r + 2*q. Let x be t(r). Suppose 12 = 5*i - x*i. What are the prime factors of i?
2
Suppose 2*l + l = 4*b - 12, -4*l + 4*b = 12. Suppose -4*s + 8 = -l. List the prime factors of s.
2
What are the prime factors of (40 + 1/(3 - 1))*2?
3
Suppose 4*d + z = 87, 3 = 2*d - 4*z - 27. Suppose -d = -0*k - k. Suppose 0 = -2*h + k + 1. List the prime factors of h.
11
Let g(h) = -h**3 - 9*h**2 - 9*h + 10. What are the prime factors of g(-8)?
2, 3
Let w(t) = t**3 + 4*t**2 - 6*t + 1. Let a be 1/(-3)*(16 + -1). Let l be w(a). Let i(x) = x**3 - 6*x**2 + 6. List the prime factors of i(l).
2, 3
Let t = 161 - 52. What are the prime factors of t?
109
Let g be -2 - (-61 - (1 - 2)). Suppose 0 = 2*d + 5*l - 74, -4*d = 5*l - g - 70. Suppose 5*y - w - 29 = 0, -w + 4*w = 5*y - d. List the prime factors of y.
2, 3
Let q = 52 + -15. List the prime factors of q.
37
Let m = -683 + 1002. List the prime factors of m.
11, 29
Suppose -5*t - 8*t + 1508 = 0. What are the prime factors of t?
2, 29
List the prime factors of (8/(-4))/1 - -147.
5, 29
Let h(f) = -2*f - 7. Suppose 2*k = 4 - 14. Let g be 112/(-20) + 2/k. What are the prime factors of h(g)?
5
Suppose -x + 5*z = -5*x + 369, -4*x + 4*z = -360. Suppose -3*y + 6*y + 95 = 5*l, -5*y = 3*l - x. List the prime factors of l.
2, 11
List the prime factors of (-1824)/(-12)*6/8.
2, 3, 19
Let r = -130 - -206. List the prime factors of r.
2, 19
List the prime factors of -10*(11/(-2) - -4)*9.
3, 5
List the prime factors of 2/(-8) + 1435/28.
3, 17
Suppose 4*c + 5 = 25. Suppose q + 8 = -d - q, -4*d + c*q = -7. Let z(w) = -2*w**3 + 4*w + 3. List the prime factors of z(d).
11
Suppose y = 6*y + 2*c - 37, -2*c + 16 = 2*y. Let i be (-26)/y - 12/42. What are the prime factors of 42/4 - (-2)/i?
2, 5
Let p(i) = i**3 + 6*i**2 + 2*i + 1. Let m(b) = b**2 - 15*b + 9. Let d be m(14). What are the prime factors of p(d)?
2
Let c(r) = r**3 + 5*r**2 - 4. Let k(g) = g - 1. Let b be k(-3). Let v(p) = -p**2 - 4*p - 4. Let a be v(b). List the prime factors of c(a).
2, 3
Let o = -11 - -17. What are the prime factors of o?
2, 3
Let z be (-18)/(-22) + (-2)/(-11). Let q be 6 + z/(-3)*0. List the prime factors of ((-3)/q)/(3/(-48)).
2
Suppose -3*c + 2*f - 5*f = -150, 0 = 2*f. Let m = c + 2. Suppose -5*g + 23 + m = 0. List the prime factors of g.
3, 5
Let l(f) = f**3 + 6*f**2 - 7*f + 8. Let i be l(-7). Let q be -2*1*(-12)/i. Suppose 0 = 8*v - q*v - 10. List the prime factors of v.
2
Suppose -5*k + 62 = 3*z + 248, -k = -4*z + 28. Let y be (-65)/(-9) - (-8)/k. Suppose -2*s + 3*s = y. What are the prime factors of s?
7
Let b = 1 + 4. Suppose -2*z + b*z - 39 = 0. List the prime factors of z.
13
Suppose 6*j - 3*j = 0. Suppose 0 = 2*n - 6 - 0. Suppose j*d + 2*k = n*d - 56, 4*d - 84 = 5*k. List the prime factors of d.
2
Let h(p) = -26*p + 1. What are the prime factors of h(-1)?
3
Let s(n) = n**3 - 6*n**2 - 2*n + 9. What are the prime factors of s(7)?
2, 11
List the prime factors of 402/8 - 20/80.
2, 5
Let b = 6 - 1. Let t(m) = -5*m**2 + 4*m**2 - b*m - 5*m. List the prime factors of t(-9).
3
Let o(w) = 3*w**2 - w - 1. Suppose -5*j - 8 = -j. List the prime factors of o(j).
13
Let b = -34 - -49. What are the prime factors of b?
3, 5
Suppose -4*m + 5 = -11. Let g = m + -4. Suppose g*c = -5*c + 15. List the prime factors of c.
3
What are the prime factors of 52 - 3*(4 - 3)?
7
Let w(z) = -52*z - 12. What are the prime factors of w(-3)?
2, 3
Let x be (14 - (3 - 1)) + -1. Suppose -h = 3*o - 4*h - 24, 0 = 2*o + 3*h - 16. Let v = o + x. List the prime factors of v.
19
Let v(l) = -17*l + 3. Let s be v(-8). Suppose -4*w + 51 = s. Let y = -9 - w. What are the prime factors of y?
13
Let k = 20 - 18. Suppose 0 = 4*p - 16, 2*p - 14 = k*y - 4*y. What are the prime factors of y?
3
Suppose 0 = 2*v + 5*o + 72, 3*v - 2*o + 6*o + 101 = 0. Let n(t) = 16*t - 14. Let z be n(4). Let g = v + z. What are the prime factors of g?
19
Suppose 2*r - 165 = 3*p - 51, 5*p = -20. What are the prime factors of r?
3, 17
Let o = 79 + 2. What are the prime factors of o?
3
What are the prime factors of (1/2)/(2/52)?
13
List the prime factors of (1/(-1))/(228/231 - 1).
7, 11
Suppose -5*m - 28 - 59 = -3*v, 0 = 2*v + 4*m - 80. List the prime factors of v.
2, 17
Suppose 5*v = -4*l + 551, -2*l - 5*v = -179 - 104. List the prime factors of l.
2, 67
Let r(f) = 38*f**3 - 2*f**2 - f + 2. What are the prime factors of r(1)?
37
Let m = -4 + 8. What are the prime factors of (m/(-6))/(6/(-99))?
11
Let z(h) = -h**3 + 8*h**2 + h + 10. List the prime factors of z(4).
2, 3, 13
Suppose x - 6*x + 610 = 0. Suppose -3*u - 47 = -x. List the prime factors of u.
5
Let t(f) be the first derivative of 3*f**2/2 - 9*f - 1. List the prime factors of t(6).
3
Let v = -5 + 5. Suppose v = 4*m - 2*m - 24. List the prime factors of m.
2, 3
Let o(c) = -c + 7. Let p be 30/5 - (1 + 0). Let x be o(p). Suppose l + x = 2*l. List the prime factors of l.
2
What are the prime factors of -4 + 24/3 + 215?
3, 73
List the prime factors of 270/7 - (-9)/21.
3, 13
Let r(v) = v**3 + 2*v**2 - v. Let b be r(-2). What are the prime factors of -1 - (-21 + 2/b)?
19
List the prime factors of (-247)/(-4) - (-4)/16.
2, 31
Let v(y) = -y**2 + 9*y - 7. Let s be v(7). Suppose -5*a + 28 = -s. List the prime factors of a.
7
Let l(f) = -f**2 + 9. Suppose j = -5*b - 2*j - 6, 0 = -4*b - j - 2. What are the prime factors of l(b)?
3
Let v(b) = 2*b**2 + 5*b - 3. Let m be v(-4). Let f(p) = p - 1. Let r(c) = c**3 - 9*c**2 + 2*c + 6. Let z(w) = 4*f(w) - r(w). What are the prime factors of z(m)?
2
Let w(h) = h**3 - 2*h**2 - h - 3. Let b be w(3). Suppose 0 = -4*c - b*s + 211, 2*s - 1 = 1. Suppose -5*d = -d - c. What are the prime factors of d?
13
Suppose 1 = -2*g - 3. Let y be (-15)/2 - 1/g. List the prime factors of 2/y + (-72)/(-7).
2, 5
Let z = -11 - -50. What are the prime factors of z?
3, 13
What are the prime factors of 315/14*(0 - 4/(-6))?
3, 5
Suppose -5*c + c = -36. Let h = 15 - c. List the prime factors of h.
2, 3
Let b(x) = 3*x - x**3 + 2 - x - 3. Let l be b(1). Let f(w) = -w + 5. List the prime factors of f(l).
5
Let b(q) = q**2 - 2. Suppose 5*n - 2*a = -7*a + 20, 2*n - 6 = -a. What are the prime factors of b(n)?
2
Let t(c) = 6*c**2 - 3*c + 3. What are the prime factors of t(2)?
3, 7
Let m(g) = 5*g. Let u be m(1). Let b = u - -2. What are the prime factors of b?
7
Let n = -11 - -5. Let y = n - 0. What are the prime factors of 4/1*(-3)/y?
2
Suppose 3*n + 817 = 4*j, 341 = 2*j + 3*n - 54. What are the prime factors of j?
2, 101
Suppose -35 + 11 = -2*u + 4*m, 3*m = 2*u - 24. List the prime factors of u.
2, 3
Let x(f) = 4*f + 11. Let d be ((-2)/(-2))/(1/5). Let g(r) = -r. Let v(b) = d*g(b) + x(b). List the prime factors of v(7).
2
Let q(o) = o - 5. Let v be q(7). Suppose 3*h = 4*g + 19, -v*h + 3*g = -0*h - 12. Let f = h + -3. What are the prime factors of f?
2, 3
Suppose -2*y + 52 = -2. What are the prime factors of y?
3
Let y(a) = a**3 - 6*a**2 - 2*a + 2. Let d be y(7). Suppose -3*g + 103 = d. What are the prime factors of g?
2, 11
Let f(w) = 2*w + 1. Let g be f(3). Let d(b) = b**3 - 7*b**2 + b + 3. List the prime factors of d(g).
2, 5
Let d = -2 - -2. Suppose -3*k = -d*k - 21. Let t = 0 + k. List the prime factors of t.
7
Suppose 154 = 3*l - 47. Let r = 105 - l. What are the prime factors of r?
2, 19
Let t be (-52)/((-6)/(4 - 1)). List the prime factors of 12/8*2 + t.
29
Let a(m) = -m**2 + 4*m - 1. Let o be a(2). Suppose 5*j + o*z + 13 = 0, z = 3*j - 3*z + 2. What are the prime factors of (-41)/(-4) - j/(-8)?
2, 5
Suppose -56 = -4*o + 4*n, -5 = -o + 5*n - n. Let r = -10 + o. List the prime factors of r.
7
Suppose 0 = 6*u - 2*u - 8. Let b be (1 - u) + 9 + -9. List the prime factors of b*(3 + 0) - -13.
2, 5
List the prime factors of (-6)/4*(5 - (-884)/(-12)).
103
Let k be (-3 - -4) + 1 + 3. Suppose k = -3*m + 2. What are the prime factors of (m + -1)*1*-1?
2
Suppose p = -2*j + 6*p + 61, -145 = -5*j + 5*p. What are the prime factors of j?
2, 7
Let u(p) = p**3 - p**2 - p + 8. Let f be u(0). Let q(n) = -n + 5. Let w be q(0). Suppose w*b - b = f. What are the prime factors of b?
2
Let l = 8 - 5. Let p(u) = -5 + 4*u**2 + 0*u**3 + u**2 - u**l + 2*u**3. What are the prime factors of p(-4)?
11
Suppose 6*l + 8 = 68. List the prime factors of l.
2, 5
Suppose -g = 3*r - 0*g - 221, 5*g - 3